) = -11*f**3 - 5*f - 11. Let r(m) = q*i(m) + y*w(m). Determine r(2).
-7
Let l be (-75)/(-50)*188/6. Suppose -8*b + l = -33. Let h(j) = -2*j - 4. Determine h(b).
-24
Let n(u) = -25*u**2 + 36*u - 1. Let a(h) = -76*h**2 + 118*h - 2. Let y(i) = -4*a(i) + 13*n(i). Determine y(-1).
-22
Suppose u = -3*i - 17, 4*i = 5*u - i - 15. Let t(a) be the first derivative of 0*a**2 - 7/3*a**3 - a + 413. Calculate t(u).
-29
Let b(y) = -y - 3. Let c be (-579)/(-5) - (-4)/20. Suppose -2*t = -4*g + c, 4*g + t - 116 = -3*t. Let n = -32 + g. Calculate b(n).
0
Let d be (-1)/(2/6)*1. Let q(u) = 8*u + 4. Let t(n) be the first derivative of 9*n**2/2 + 5*n - 681. Let f(j) = d*t(j) + 4*q(j). What is f(-1)?
-4
Let n(g) = -3*g**3 + g**2 + 2*g + 1. Suppose -54*r + 28 = -53*r. Let a = 27 - r. Determine n(a).
3
Let f(j) be the third derivative of 1/60*j**5 + 1/24*j**4 + 0*j + 0 - 35*j**2 - 2*j**3. Give f(0).
-12
Let d(n) = 6*n**2 + 109*n + 110. Let k be d(-1). Let a(w) be the first derivative of -w**4/4 + 8*w**3/3 - 5*w**2 - 3*w + 3. Determine a(k).
-24
Let y(d) = -3*d**2 - 4*d - 10. Let s(o) = -2*o**2 - 5*o - 9. Suppose 3*r + 14 = -2*h, -2*r + 3*h - 5 + 0 = 0. Let c(x) = r*s(x) + 3*y(x). Give c(11).
-27
Suppose -j + 2*j = -4*n + 4, -60 = -2*j + 5*n. Suppose -j = -22*g + 2*g. Let q(r) = 7*r**3 + r**2 + r - 1. What is q(g)?
8
Let j(n) be the third derivative of -n**4/12 - 7*n**3/6 - 15*n**2. Let h be j(-5). Let c be h + (-4)/8*-4. Let s(f) = -f**3 + 4*f**2 + 7*f - 5. Give s(c).
5
Suppose -6 = 3*h, -3*m - 3*h - 19 = -h. Let j(r) be the second derivative of 1/3*r**4 + 1/2*r**2 + 0 - 29*r - 7/6*r**3 + 1/20*r**5. Give j(m).
11
Suppose 0*g = -2*g - 12. Let y(o) = -6. Let t(z) = z + 28. Let l(d) = -t(d) - 5*y(d). What is l(g)?
8
Suppose 0 = -5*b + 13 + 77. Suppose b + 30 = -6*l. Let w(x) = -5*x**2 + 13*x - 1. Let p(c) = -3*c**2 + 9*c - 1. Let n(o) = -8*p(o) + 5*w(o). Calculate n(l).
-5
Let m(l) = -l**2 - 4*l + 4. Let k(q) = q**3 + 21*q**2 + 2*q + 39. Let u be k(-21). Let b be (2 + 1)/(-1 + u - -5). Let j be (-10)/(12/b - 2). Determine m(j).
-1
Suppose 25*a + 162 - 62 = 0. Let c(t) = 50*t + 194. What is c(a)?
-6
Let s(u) = -u**3 + 45*u**2 - 14*u + 7 - 36*u**2 + 5*u**2 - 1. Determine s(13).
-7
Let h(c) = -27*c - 2. Suppose y - 2*l + 4 = 0, -l = -7*y - 0*y - 2. Determine h(y).
-2
Let a(j) = 1 - 2 + 2*j + 3 - 1. Suppose 5*f + 2*o = 3*f + 10, 0 = -4*f + 5*o - 7. Suppose -11 = f*w - 15. Give a(w).
5
Let k(s) = 4*s + 4*s - 4*s. Let y = 60 + -55. Suppose y*g = -6 + 21. What is k(g)?
12
Let t(z) = z**2 - 4*z - 47. Let p be t(-7). Suppose 26*i = p*i. Let u(n) = -n**3 + n**2 - 1. Determine u(i).
-1
Let j(q) = -q + 16. Let x(g) = -50 + 41 + 23 - 4*g + 34. Let n(y) = 10*j(y) - 3*x(y). Give n(-8).
0
Let k(g) = -g**2 + 5*g + 4. Suppose 0 = 3*u + 12, 0 = -6*w + 2*w + 4*u + 284. Let m = -36 + w. Suppose j - 2*j + 1 = 2*x, 0 = 5*j - 3*x - m. Calculate k(j).
4
Let p(t) = -t**2 + 8*t + 9. Let w(d) = 3*d**2 + 26*d + 1. Suppose 0 + 270 = -30*x. Let f be w(x). Determine p(f).
-11
Let d be (3/(-7))/((-405)/3780). Let b(k) be the second derivative of -k**4/12 + 2*k**3/3 - k**2 - 3*k. What is b(d)?
-2
Let b(k) = k**2 + 59*k + 447. Let x be b(-50). Let y(d) = 6*d**2 + 2*d + 1. Give y(x).
49
Let u(o) be the third derivative of -o**3 + 0 + 0*o + 1/24*o**4 + 47*o**2. Calculate u(-6).
-12
Let a(f) = 8*f + 5. Let o(s) = -s**2 - 8*s - 6. Let c(u) = -3*a(u) - 2*o(u). What is c(-5)?
87
Let k(o) = 500*o - 115. Let x(t) = 57*t - 13. Let b(j) = -4*k(j) + 35*x(j). Calculate b(-3).
20
Let w = -460 + 453. Let m(p) be the third derivative of -p**5/60 - p**4/3 - p**3 + 5*p**2. Give m(w).
1
Let a(v) = v + 5. Let u(o) = -o**2 - 4*o - 6. Suppose -55 = -4*p - 23. Suppose -20 = -2*l + 6*l, 3*c = 4*l + p. Let y be u(c). What is a(y)?
-1
Let s(q) be the third derivative of -q**5/60 + 5*q**4/12 - 8*q**3/3 + 38*q**2. Let c be s(7). Let y(m) = -7 - c*m - 3*m + 5*m + 4*m. Determine y(7).
0
Let f(c) = c - 10. Suppose -181*s = 3*k - 178*s - 75, 4*s = -5*k + 118. Give f(k).
8
Let t be ((-8)/6)/((-6)/(-621)*23). Let i(z) be the first derivative of 2*z**3/3 + 5*z**2 + 7*z + 3. Determine i(t).
19
Let k(c) = c**3 - 2*c**2 + c. Let q(v) = 2*v**3 + 16*v**2 + 71. Let l(a) = 3*k(a) - q(a). Calculate l(22).
-5
Let f be 1932/70 + 3/(-5). Suppose 9*z = 10*z - f. Let n be ((-1)/(-3))/((-3)/z). Let b(d) = -d**3 - 2*d**2 + 3*d. Calculate b(n).
0
Let g(d) be the third derivative of 5*d**4/24 - 12*d**3 - 54*d**2 - 2. Give g(14).
-2
Let t(b) = -b**3 + 12*b**2 - 13*b + 24. Let l be t(11). Let k(y) = 12*y - 33 + 4 + 28 + y**l. Give k(-11).
-12
Let t = 222 - 215. Let x(j) = -20*j - 21*j + t + 38*j. Give x(6).
-11
Let y(h) be the third derivative of 5*h**4/24 - 17*h**3/6 + 3*h**2 + 3*h + 120. What is y(5)?
8
Let u(o) be the first derivative of -o**5/60 - 7*o**4/24 + o**3/3 - 2*o**2 - 62. Let r(q) be the third derivative of u(q). Determine r(-3).
-1
Let k(o) be the second derivative of o**3 + 0 - 98*o + 1/12*o**4 - 3/2*o**2. Determine k(-5).
-8
Let c(h) = 24*h**2 - 34*h - 7. Let t(j) = -50*j**2 + 74*j + 15. Let r(v) = 13*c(v) + 6*t(v). Give r(1).
13
Let s = -14028 + 14023. Let b(a) = a**2 + 13*a + 5. Determine b(s).
-35
Suppose 0 = 11*s - 7*s + 5*f - 100, 0 = 5*s + 2*f - 108. Let q(d) = 49*d**2 + 59*d**2 - d**3 - 88*d**2 - d + s. Give q(20).
0
Let w(f) = -f**2 + f + 15. Let h(b) = b**3 + 5*b**2 - 18. Let j(x) = -7*x + 46. Let c be j(7). Let l be h(c). Calculate w(l).
15
Let c(p) = -13 - 16 + p + 20 - 5. Let v = 557 + -546. Give c(v).
-3
Let j(w) = -w**2 - 5*w. Let n(t) = 3*t**2 - 18*t + 2. Let l be n(6). Suppose -5*v = 3*h + 17, l*h = -3*h - 3*v - 23. What is j(h)?
4
Suppose 33 = 3*m - 2*m - 2*b, 2*m - 62 = 3*b. Suppose -5*l - m = -60. Suppose l*s = -2 + 2. Let g(a) = -a**3 - a**2 + a - 15. Determine g(s).
-15
Suppose 5*v - 63 = -13. Suppose -2 - v = 3*m. Let g be m/((-16)/5)*4. Let p(z) = z**3 - 5*z**2 + 2*z. Calculate p(g).
10
Let t(i) be the third derivative of i**5/120 - i**4/12 + 61*i**3/6 + 7*i**2 + 8. Let f(a) be the first derivative of t(a). What is f(0)?
-2
Let t = 259 + 75. Suppose -10 + t = -6*k. Let h = 53 + k. Let y(u) = 6*u**2 - u. Give y(h).
7
Let b(t) = 13*t**3 - 2*t**2 - 6*t + 8. Let k(n) = -19*n**3 - 18*n**2 + n + 1. Let s be k(-1). Calculate b(s).
13
Let y(d) be the third derivative of d**5/20 - 7*d**4/6 + 73*d**3/6 - 29*d**2 + 3*d - 1. What is y(4)?
9
Let t(l) = 3*l**3 - 156 + 1455*l + 1452*l + 1426*l - 2*l**3 + 50*l**2 - 4287*l. Calculate t(-49).
-9
Suppose -3*j - 4*c + 39 = 0, 2*j - 3*j = 2*c - 13. Let f(p) = 2 - j*p + 25*p - 13*p. Determine f(-2).
4
Let m(a) be the third derivative of a**6/120 - a**5/20 - 3*a**4/8 - 7*a**3/6 - a**2 - 37*a. Give m(-3).
-34
Let m(n) be the third derivative of -5*n**4/8 - 30*n**3 - 9839*n**2. Determine m(-10).
-30
Let w = -5553 - -5548. Let v(h) = -h**3 - 3*h**2 + 11*h + 4. What is v(w)?
-1
Let j be 2 - 2*(-3)/2. Suppose -j*x + 31 = -r - 20, r + 5*x = -51. Let o = -53 - r. Let c(t) = -4*t**2 + 2*t + 1. Give c(o).
-19
Let w(z) be the first derivative of z**3/3 - z**2 + z + 6. Let n be w(0). Let i(v) = n + 19*v - 3*v**2 + 2*v**2 - 15*v. What is i(5)?
-4
Suppose -6*u = 9*u - 45. Let f(v) = v - 2. Let m(q) = 1. Let z(n) = u*f(n) - 4*m(n). Calculate z(-7).
-31
Let q(v) be the first derivative of -v**3/3 + 5*v**2 - 12*v + 2045. Give q(7).
9
Let c(i) = 2*i**2 + 4*i - 1. Suppose 35*y + 20328 + 4837 = 0. Let w = 714 + y. Calculate c(w).
29
Let x(k) = -k**3 + 15*k**2 - 13*k - 19. Suppose -4*a + n + 57 = 0, 12*a + 2*n = 13*a - 16. Determine x(a).
-5
Let z be ((-11)/6)/(28/(-336)). Let m(p) = -5 + 11*p - z*p - 4*p**2 + 22 + 3*p**2. What is m(-12)?
5
Let y(f) = 12*f**2 - f - 2. Suppose -16 = 4*q + r, 4*q + 2*r + 39 = 15. Determine y(q).
48
Let k(c) = -7*c + 7. Suppose 15*x + 188 = -16*x + 219. Determine k(x).
0
Let m(n) = -n**3 + 8*n**2 - 6. Let v be 6/2 + -1 + -11 + 4 + 13. Determine m(v).
-6
Let o(n) = n**3 + 7*n**2 + 6*n + 3. Let i be o(-6). Let q(r) = 2*r - 1646. Let w(b) = b - 898. Let z(y) = 6*q(y) - 11*w(y). Calculate z(i).
5
Suppose 4*x + 19*h = 24*h + 825, -4*x + 824 = -4*h. Let s(n) = -98 - 8*n - 107 + x - n**2. What is s(-8)?
0
Let n(y) = -6*y - 249. Let x be n(-42). Let p(j) = -j**3 + x - 645*j + 0*j**3 + 4*j**2 + 642*j. What is p(3)?
3
Suppose -10*b = 10 - 60. Suppose 1 = 4*q + 2*f - 3*f, 2*q + 5 = -b*f.